(-22).
-363
Let z(p) = 2*p**3 + 54*p**2 - 178*p + 29. What is z(3)?
35
Let r(b) = -b**3 + 14*b**2 - 15*b + 99. Determine r(14).
-111
Let a(l) = -l**2 - 116*l - 1060. Give a(-10).
0
Let n(p) = -p**3 + 193*p**2 - 192*p - 20. What is n(192)?
-20
Let k(f) = -f**3 + 12*f**2 + 31*f - 21. Give k(16).
-549
Let v(a) = -a**3 + 42*a**2 + 205*a + 1431. Determine v(47).
21
Let t(k) = 13*k + 75. Give t(0).
75
Let c(i) = 75*i - 311. Give c(4).
-11
Let b(k) = 44*k + 1468. Determine b(-31).
104
Let u(y) = -2*y**2 - 166*y - 3443. Determine u(-34).
-111
Let m(c) = 136*c + 1876. Determine m(-14).
-28
Let d(i) = 119*i + 49. Calculate d(-2).
-189
Let g(r) = -4*r**2 - 33*r - 90. Determine g(-5).
-25
Let d(k) = 20*k**3 + 7*k**2 - 7*k + 2. Determine d(2).
176
Let o(t) = 151*t - 104. What is o(0)?
-104
Let y(k) = -2*k**2 + 9*k - 8. Give y(4).
-4
Let j(u) = u**3 - 30*u**2 + 90*u - 22. Determine j(26).
-386
Let q(b) = -13*b**2 + 158*b - 30. Calculate q(12).
-6
Let u(m) = -m**2 - 1755*m - 8738. Calculate u(-5).
12
Let o(y) = -118*y + 947. Calculate o(8).
3
Let b(f) = f**2 + 6*f - 76. Determine b(-19).
171
Let q(k) = -4*k**3 - 29*k**2 - 70*k - 6. Give q(-3).
51
Let g(r) = r**3 - 136*r**2 + 182*r - 6338. Calculate g(135).
7
Let x(b) = 4*b**2 + 45*b - 136. What is x(3)?
35
Let w(a) = -a**3 - 19*a**2 - 59*a + 11. Calculate w(-6).
-103
Let c(q) = -103*q - 118. Determine c(2).
-324
Let i(v) = 37*v - 400. Calculate i(11).
7
Let z(q) = -67*q - 2047. What is z(-30)?
-37
Let l(f) = -6*f**3 + 43*f**2 - 10*f + 55. What is l(7)?
34
Let y(x) = 177*x**3 - 79*x**2 - 79*x - 1. Give y(-1).
-178
Let c(n) = n**3 - 22*n**2 + 21*n - 9. What is c(21)?
-9
Let m(x) = -4*x + 121. Calculate m(13).
69
Let g(b) = -11*b - 42. What is g(-2)?
-20
Let j(u) = 7*u**3 - 238*u**2 + 3*u - 41. Determine j(34).
61
Let s(c) = -2*c**2 - 16*c + 84. Calculate s(6).
-84
Let g(x) = -3*x**3 + 2*x**2 - 8*x - 37. What is g(4)?
-229
Let z(y) = y**2 - 2*y - 31. What is z(13)?
112
Let k(i) = -38*i - 125. Calculate k(-3).
-11
Let z(b) = -3*b + 67. Give z(8).
43
Let s(f) = 3*f**2 - 207*f - 1061. Calculate s(74).
49
Let a(m) = m**3 + 6*m + 2. Calculate a(0).
2
Let c(p) = -7*p**2 + 30*p - 1. Calculate c(8).
-209
Let p(d) = -30*d**3 + d**2 - 6*d + 12. Give p(2).
-236
Let s(f) = 4*f**3 + 172*f**2 + f + 58. Calculate s(-43).
15
Let t(d) = 2*d**2 - 7*d - 5. Give t(7).
44
Let i(k) = -k**3 - 25*k**2 - 35*k - 886. What is i(-25)?
-11
Let d(c) = -c**3 + 41*c**2 - 51*c + 41. Determine d(40).
-399
Let o(w) = 13*w - 33. What is o(10)?
97
Let l(r) = -15*r - 254. Give l(-16).
-14
Let g(w) = -w**3 - 59*w**2 + 60*w + 8. Determine g(-60).
8
Let z(v) = -3*v**2 + 126*v - 470. Calculate z(38).
-14
Let j(v) = -v**3 + 33*v**2 + 277*v - 30. Calculate j(40).
-150
Let u(s) = 55*s - 3965. Determine u(71).
-60
Let y(n) = 74*n + 3922. Give y(-53).
0
Let z(s) = 45*s + 281. Calculate z(-7).
-34
Let x(o) = 67*o**2 - 7773*o + 160. Determine x(116).
44
Let y(s) = s**2 + 3351*s - 6693. Determine y(2).
13
Let y(j) = 10*j + 143. Give y(-15).
-7
Let d(v) = -v**3 + 71*v**2 + 77*v - 365. Determine d(72).
-5
Let b(v) = -25*v - 55. What is b(-19)?
420
Let s(d) = 8*d**3 + 31*d**2 - 72*d - 307. Calculate s(-4).
-35
Let x(u) = -u**2 - 7*u - 37. Give x(-18).
-235
Let i(w) = 937*w - 52469. Give i(56).
3
Let r(m) = 2*m**2 + 16*m + 45. What is r(-11)?
111
Let i(z) = 16*z**3 + 7*z**2 - 5*z - 1. What is i(2)?
145
Let s(r) = r**2 + 2*r - 97. Determine s(12).
71
Let y(l) = -31*l**2 - 74*l - 11. What is y(-2)?
13
Let b(u) = -104*u**2 - 111*u + 108. Give b(1).
-107
Let v(l) = l**3 + 15*l**2 + 25*l + 84. Determine v(-13).
97
Let s(c) = -c**3 - 12*c**2 - 2*c - 17. Give s(-12).
7
Let r(u) = 31*u**2 + 97*u + 11. Determine r(-3).
-1
Let b(l) = -11*l**2 - 1311*l - 54. Calculate b(-119).
184
Let v(f) = 228*f - 23. Determine v(0).
-23
Let k(h) = 11*h - 903. Give k(79).
-34
Let q(r) = r**3 + r**2 - 308*r + 23. Give q(17).
-11
Let f(b) = -6*b**2 - 10*b - 11. What is f(-1)?
-7
Let k(s) = 4*s**2 + 16*s - 199. Determine k(10).
361
Let l(d) = -4*d**3 + 27*d**2 + 7*d - 4. Calculate l(7).
-4
Let s(w) = w**3 - 10*w**2 + 16*w + 29. What is s(4)?
-3
Let l(b) = -228*b + 461. Give l(3).
-223
Let w(z) = -5*z + 29. What is w(7)?
-6
Let g(y) = -8*y**2 - 20*y + 193. Give g(8).
-479
Let i(w) = w**3 + 34*w**2 + 66*w + 105. Determine i(-31).
942
Let t(u) = 3*u**3 + 30*u**2 - 34*u + 36. What is t(-11)?
47
Let k(t) = -5*t**3 - 22*t**2 + 89*t - 12. Determine k(4).
-328
Let k(x) = -x**3 - 70*x**2 + 218*x - 70. Calculate k(-73).
3
Let c(h) = -2*h**2 + 2*h - 15. Calculate c(2).
-19
Let u(s) = 1177*s + 20024. Determine u(-17).
15
Let o(q) = q**2 - 19*q + 33. What is o(17)?
-1
Let x(p) = -p**3 - 197*p**2 + 189*p - 1786. What is x(-198)?
-4
Let o(i) = 17*i - 1132. Calculate o(60).
-112
Let o(u) = -22*u - 625. Give o(20).
-1065
Let k(y) = -2*y**3 - 75*y**2 + 46*y + 425. Give k(-38).
121
Let h(r) = 126*r**3 - 3*r**2 - 23*r - 21. Determine h(-1).
-127
Let v(f) = f**2 + f - 4. Give v(-6).
26
Let h(x) = -57*x + 6260. Determine h(110).
-10
Let z(i) = -3*i**3 - 7*i**2 + 3*i + 18. Determine z(0).
18
Let g(w) = -34*w - 390. What is g(-11)?
-16
Let a(y) = -y**3 + 19*y**2 - 86*y - 27. Determine a(11).
-5
Let y(a) = 2*a**3 + 4*a**2 - 6*a + 22. Give y(3).
94
Let v(x) = -x**3 + 6*x - 81. Determine v(0).
-81
Let x(g) = 5*g**3 - 2*g**2 + 37*g + 73. Give x(-2).
-49
Let o(r) = -2*r**2 + 14*r + 110. Give o(14).
-86
Let x(a) = 9*a**3 - 447*a**2 + 290*a + 202. Determine x(49).
6
Let g(f) = -f**3 + 13*f**2 - 48*f + 41. What is g(7)?
-1
Let l(r) = 8*r**2 - 35. Determine l(-4).
93
Let d(g) = 2*g**3 - 23*g**2 + 6*g - 69. Determine d(10).
-309
Let o(s) = s**2 - 16*s - 296. What is o(-11)?
1
Let o(j) = -6*j + 45. Determine o(-3).
63
Let l(n) = 3*n**3 - 202*n**2 + 66*n - 71. What is l(67)?
-138
Let c(k) = -3*k**3 - k**2 - 63*k + 427. Give c(7).
-1092
Let x(g) = -1947*g - 13620. Calculate x(-7).
9
Let g(f) = 34*f**2 - f + 1. Calculate g(-1).
36
Let m(o) = -2*o**2 + 91*o + 146. What is m(48)?
-94
Let w(s) = 33*s**2 + 482*s - 182. What is w(-15)?
13
Let n(x) = -117*x - 343. What is n(-6)?
359
Let i(v) = 2*v**2 - 734*v - 14661. Determine i(-19).
7
Let r(m) = -129*m - 6559. Calculate r(-51).
20
Let g(v) = 50*v + 731. Calculate g(-10).
231
Let d(w) = 548*w + 3211. What is d(-6)?
-77
Let o(j) = -112*j**2 + 19*j - 18. Determine o(1).
-111
Let q(z) = -2*z**2 + 72*z + 310. Calculate q(37).
236
Let k(b) = 35*b**3 + 2*b**2 + 6*b + 4. Determine k(-1).
-35
Let l(a) = -15*a**2 + 96*a - 94. Determine l(1).
-13
Let n(v) = v**2 - 286*v + 5028. What is n(19)?
-45
Let m(h) = 5*h**3 + 508*h**2 - 203*h + 104. Calculate m(-102).
2
Let z(r) = -188*r - 1763. What is z(-10)?
117
Let w(l) = -212*l - 9962. Determine w(-47).
2
Let d(x) = -63*x + 15363. Determine d(244).
-9
Let u(g) = -g**3 + 196*g**2 - 591*g + 2310. Determine u(193).
-6
Let w(f) = 5*f**2 + 38*f - 253. Calculate w(-12).
11
Let o(v) = 8*v + 48. Give o(-2).
32
Let k(q) = -q**2 + 9*q - 21. What is k(-4)?
-73
Let d(n) = -11*n - 119. Determine d(-10).
-9
Let f(a) = -a**2 + 327*a - 969. What is f(3)?
3
Let k(f) = -25*f**2 + 12*f + 969. Calculate k(-6).
-3
Let m(w) = 2*w**2 - 33*w + 98. What is m(15)?
53
Let u(d) = -2*d**3 + 65*d**2 - 150*d + 7. Determine u(30).
7
Let s(x) = -53*x + 611. Calculate s(13).
-78
Let b(x) = x**3 - 57*x**2 - 31*x - 1564. Give b(58).
2
Let c(k) = 246*k - 55592. Determine c(226).
4
Let c(y) = y**3 - 171*y**2 + 242*y + 16218. Calculate c(169).
-6
Let v(c) = -299*c - 11975. Give v(-40).
-15
Let h(n) = -n**3 + 10*n**2 - 12*n - 4. Give h(8).
28
Let x(i) = 2*i**3 - 14*i**2 - 160*i + 122. Determine x(13).
70
Let j(q) = -54*q + 24. Determine j(1).
-30
Let i(m) = m**3 + m**2 - 2*m + 20. What is i(-5)?
-70
Let v(q) = 61*q + 9092. Determine v(-149).
3
Let a(f) = 8*f**3 + f**2 - 8*f - 1. What is a(-3)?
-184
Let g(y) = 2*y**3 + 50*y**2 + 294*y - 28. Calculate g(-16).
-124
Let t(d) = -5*d**3 + 4*d**2 - 15*d + 34. Give t(3).
-110
Let d(r) = 337*r + 1363. Give d(-4).
15
Let d(f) = f**3 - 2*f**2 - 18*f + 4. Calculate d(5).
-11
Let c(v) = 2*v**3 - 46*v**2 - 55*v + 170. Give c(24).
2
Let u(k) = 2*k**2 - 22*k - 32. Calculate u(16).
128
Let n(j) = 15*j - 327. Calculate n(17).
-72
Let h(g) = 3*g**2 - 34*g + 227. Calculate h(7).
136
Let z(l) = -2*l**2 - 16*l + 9. Calculate z(-13).
-121
Let l(w) = 10*w +